60 - t**4/24 + t**3/6 - t**2. Suppose u = 5*o + 8, 0*o = 5*u - o - 16. What is the units digit of i(u)?
7
Suppose -3*x + 980 = 2*q, q + 2*q = 2*x - 675. What is the units digit of x?
0
Let z = 1326 + -930. What is the tens digit of z?
9
Let g = 91 - 141. Let p = -19 - g. What is the units digit of p?
1
Let l(u) = -5*u**3 - 29*u**2 - 23*u + 24. Let c(s) = s**3 + 7*s**2 + 6*s - 6. Let k(p) = 9*c(p) + 2*l(p). What is the units digit of k(6)?
6
Let r(c) = -c. Let j(n) = n**2 + 4*n - 4. Let m(y) = -j(y) - 5*r(y). Let x be m(3). What is the units digit of 0 + 2 - 1*x?
4
Let r be (-3)/(-2) + (-67)/2. Let d = -11 - r. What is the units digit of d?
1
Suppose -5*p - 29 = -6*p. What is the tens digit of p?
2
Let a be 2 - 1 - (-1 - -2). Let p be (a - -2)/(4/14). What is the units digit of p*((-4)/(-14) + 0)?
2
Let p = 59 - 22. What is the tens digit of p?
3
Suppose -4*r = -3*r - 9. Let j = r - -1. Let z = -5 + j. What is the units digit of z?
5
Let m(o) = -2 + 0 - 5*o + 1 - 5. What is the units digit of m(-4)?
4
Let f be (-6)/(-8) + (-154)/(-8). Suppose 7*s + f = 3*s. Let o = s + 18. What is the tens digit of o?
1
Suppose v + 13 = 98. What is the tens digit of v?
8
Suppose 5*j + 5*t + 21 = -4, 0 = 4*t + 12. Let w be (j/(-4))/((-2)/(-12)). Suppose f + w*f - 8 = 0. What is the units digit of f?
2
Suppose 2*o + 68 = s - 27, -2*s - o = -190. What is the units digit of s?
5
Suppose 2*c + c = 9. What is the units digit of c?
3
What is the tens digit of (42 - -1) + 0 + 4?
4
Let o(n) = n**2 - 2*n - 4. Let a(p) = -5*p + 1. Let k be a(1). What is the tens digit of o(k)?
2
Suppose 5*z - 171 = 2*z + 3*h, z + 2*h - 72 = 0. What is the units digit of z?
2
Let l(n) = n**3 + 25. Let c be l(0). Suppose c = -2*f + 97. Let v = -25 + f. What is the tens digit of v?
1
Let p(h) = -9*h**3 - h**2 - h. Suppose y + 6 = -2*a, 8 = -3*a - 3*y - 7. Let u be p(a). Suppose -2*m - 3 = -u. What is the units digit of m?
3
Let g = -7 + 12. Suppose -g*b + 81 = d, -b = d - 11 - 6. What is the tens digit of b?
1
Let v(k) = -2*k + 2. Let t(y) = -5*y + 6. Let r(o) = 3*t(o) - 8*v(o). Let u be r(2). Suppose 2*d = -s + 6*s - 9, -u*d + 12 = 0. What is the units digit of s?
3
Let r = -32 + 59. What is the units digit of r?
7
Suppose -4*n - 5*l + 6*l + 756 = 0, 2*n + 3*l = 378. What is the tens digit of n?
8
Let x(y) = y. Let o(l) = -l**2 - 7*l + 2. Let u(m) = o(m) + x(m). Let c(j) = -j**3 - 4*j**2 + j. Let a be c(-4). What is the tens digit of u(a)?
1
Suppose 0 = 5*d - 2*d. Suppose 29 = -d*s + 2*s - k, 0 = -5*s + 4*k + 77. What is the units digit of s?
3
Suppose 0 = o - 3*o + 16. Let d = -2 + o. What is the units digit of d?
6
Let a = 2 - 6. Let m = 3 - a. What is the units digit of m?
7
Suppose 0 = -3*g + 9*r - 4*r + 126, 3*g + 2*r - 105 = 0. What is the tens digit of g?
3
Let v be 7/2 + 7/(-14). What is the tens digit of (13 - (-12)/(-4))*v?
3
Let r be (2 - 1)/((-1)/3). What is the tens digit of (-3)/(r*(-1)/(-10))?
1
Let w = -36 - -162. Let k = 62 - w. What is the units digit of k/(-6) - 3/(-9)?
1
Let m(u) = -10*u - 1. Let j be m(1). What is the tens digit of (196/2)/(-9 - j)?
4
Let r(t) = -7*t + 3. What is the tens digit of r(-5)?
3
Let y(r) = r**3 - 8*r**2 - r + 11. Let d be y(8). Suppose -3*b - 7 = -4*t, -t + 3*b = 2 + d. Suppose -i - 8 = -c, -3*c - t*i = -i. What is the units digit of c?
4
Suppose 3*u + 143 = z - 79, 0 = -5*z + 2*u + 1071. What is the units digit of z?
3
What is the units digit of (-2)/((-32)/(-12))*-44?
3
Let z = 43 + -31. What is the units digit of z?
2
Let a = -1 + 1. Suppose 4*q - 12 = a, -3*w + 6*w + 4*q = 33. What is the units digit of w?
7
Let y(z) = -9*z**2 - 9*z + 8. Let s be y(6). What is the tens digit of s/(-22) + (-4)/(-22)?
1
Let w(q) = q**2 - 2*q + 7. What is the tens digit of w(6)?
3
Let c(p) = -p**3 - 6*p**2 - p - 2. Let g be c(-6). Suppose -g*q + 0*x = -5*x + 56, 2*q + 28 = -2*x. Let y = q + 24. What is the tens digit of y?
1
Suppose 2*f + c - 12 = -f, 4*c = 3*f - 27. Suppose 5*i + f*t = 75, 5*i - 5*t - 3 = 52. What is the tens digit of i?
1
Let a be (48/(-10))/((-1)/5). Let i = -13 + a. What is the tens digit of i?
1
Let f(o) = o**3 + 4*o**2 - o + 1. Let j be f(-4). Suppose -4*c = -j*z + 11, 0*c - 15 = 3*z + 3*c. Let u = z + 4. What is the units digit of u?
3
Let m = -10 - 7. Suppose -50 = 2*d - 4*d. Let x = d + m. What is the units digit of x?
8
Let g = 106 + 25. What is the tens digit of g?
3
Let o(s) = -s**2 + 10*s + 1. What is the units digit of o(9)?
0
Suppose 12 = 4*u - 2*a - 2*a, u = -3*a + 11. What is the units digit of 92/u + 3/5?
9
Let g = -22 - -34. Suppose 2*x = -0*x + g. What is the units digit of x?
6
Suppose -2*p + 60 = -4*p + 5*s, -3*s = -3*p - 72. Let g be p*2*(-2)/8. Let t = g - 0. What is the tens digit of t?
1
Let g(k) = -k**2 - 9*k - 5. Let a be g(-8). Suppose -v = 5*w - 47, -a*w + 4*v + 36 = 2*v. What is the tens digit of w?
1
Let q(t) = 2*t + 11. What is the tens digit of q(4)?
1
Suppose -2*l - 1 = -x - 4, -3*x - 3*l + 36 = 0. Let q(g) = g**2 - 6*g - 4. What is the units digit of q(x)?
3
Let c = 6 + -3. Let p be -9*c/(-18)*2. Suppose p*z - 6*z + 9 = 0. What is the units digit of z?
3
Let n(u) = -u + 9. Let z be ((-2)/(-1))/((-4)/14). What is the units digit of n(z)?
6
Suppose 2*r - 1 = -4*d + 13, -9 = -d + 5*r. Suppose 5*z + d*y - 95 = 0, 4*y + 14 = 4*z - 26. What is the units digit of z?
5
Suppose -3*m + v = -19, -2*v = 2*m + v - 9. Let f = 1 - 2. Let t = m - f. What is the units digit of t?
7
Let y = 40 - -50. What is the units digit of y?
0
Let p = 1 + 31. What is the tens digit of p?
3
Suppose -2*u + 0*u = 4*j - 200, 3*j = 2*u + 136. What is the tens digit of j?
4
Let o(z) = -z**3 - 3*z**2. What is the units digit of o(-6)?
8
Let d = -2 - -5. What is the units digit of d?
3
What is the tens digit of (-565)/(-20) + (-9)/(-12)?
2
Suppose x - 2*v = -v + 50, -5*x = -v - 266. What is the units digit of x?
4
Let z = -19 + 35. What is the units digit of (-219)/(-4) + 4/z?
5
Let i = 33 + -59. Let z = i + 50. What is the tens digit of z?
2
Suppose -p + 2 = -2. Suppose 2*t - p = -4*f, 2*t = -3*f + 4*t - 4. Suppose -2*q = -f*q - 26. What is the tens digit of q?
1
Suppose 0 = 2*h - 3*m - 135, 3*h = 2*h - 4*m + 62. What is the tens digit of h?
6
Let i = -25 - -25. Let a(f) = -f**2 - 5*f + 8. Let q be a(-6). What is the units digit of 16 + (i/3)/q?
6
Let w = 76 + -31. What is the units digit of w?
5
Suppose 0 = l - 0*v + 2*v + 29, -107 = 3*l + 2*v. Let c = 67 + l. What is the units digit of 1/(2*2/c)?
7
Let f be 30/4 - (-1)/2. Suppose -2*p + 21 = 3*v, 0*v + p + 2 = v. Suppose -4*s = -v*s + f. What is the units digit of s?
8
Let d = -10 + 6. Let o = d - -4. Suppose o = -x - 0 + 1. What is the units digit of x?
1
Suppose -1 = -2*m - 2*v - 5, 0 = -v. Let c = 8 + -6. Let b = c - m. What is the units digit of b?
4
Let g = -78 - -181. What is the tens digit of g?
0
Let w(n) = n**2 - 4*n + 15. What is the tens digit of w(8)?
4
Suppose -4*x = 5*l - 28, -2*x + l = 3*l - 12. What is the units digit of (-120)/(-8)*x/3?
0
Let f = -2869 - -2038. What is the tens digit of f/(-33) + (-2)/11?
2
Let p(l) = -l**2 - 9*l - 3. Let g be p(-7). Let a = g + -12. Let v = a + 19. What is the tens digit of v?
1
Let n = 9 + -3. Suppose 2*l - n - 2 = 0. Suppose 0 = -0*r - l*r + 60. What is the units digit of r?
5
Let r(o) = 3*o. Let u be r(4). Let c = -4 + u. What is the units digit of c?
8
What is the units digit of (-79 + 2)/(4 + 35/(-7))?
7
Let u(b) = -b**2 + b. Let v(x) = -4*x**2 + 9*x - 8. Let c(l) = -5*u(l) + v(l). What is the units digit of c(-6)?
4
Let j = -72 - -125. What is the tens digit of j?
5
Let k(u) = 2*u - 1. Let t(p) = 6*p - 3. Let r(f) = 8*k(f) - 3*t(f). Let q be 3/(-12) + (-22)/8. What is the units digit of r(q)?
7
Let o be (0 + (-6)/(-10))*5. Suppose -3*f + 21 = -0*f. Suppose o*d + f = 4*d. What is the units digit of d?
7
Suppose 4*s - 29 = 3*q, 3*s - 60 = -2*s - q. Let k = 10 - 5. Suppose k*c - s = -w, -3*c - 7 = 4*w - 17. What is the units digit of w?
1
Suppose 2*l + 5*w = 15 + 2, 0 = -5*w + 25. Let c = l - -8. What is the units digit of c?
4
Let h(r) = -78*r - 10. What is the units digit of h(-2)?
6
Let x = 4 - -9. Let t(v) = v**2 - 12*v - 6. What is the units digit of t(x)?
7
Let w = 261 - 136. What is the tens digit of w?
2
Suppose 5*q + 0*q -